it of (-2)/(-8) + 155/j?
8
Let z be (-42)/(-9) + 2/6. Suppose 3*s + 23 = k, -s + 61 = z*k + 2*s. What is the units digit of k?
4
Suppose 0 = 2*f - 0*f - 240. Suppose -o = 4*d - 38, 5*o + 5*d - 55 = f. What is the tens digit of o?
3
What is the units digit of 24/(-18)*135/(-6)?
0
Let f = 1 - -5. Suppose j = f*j. Suppose j = r + r - 24. What is the units digit of r?
2
Suppose 5 = 2*s - 13. Let o = s + 16. What is the units digit of o?
5
Suppose 3*i = 2*i - 9. Let v = 13 + i. Suppose 21 = -g + v*g. What is the units digit of g?
7
What is the units digit of 1/(((-12)/15)/(-4))?
5
What is the units digit of (3/(-2))/((6/(-116))/1)?
9
Let z = -112 - -178. What is the units digit of z?
6
Let s(h) = 3*h**2 - 5*h - 1. What is the tens digit of s(7)?
1
Let h be (213 - -2)*(-12)/(-15). Suppose -3*i + h = i. Suppose a + 42 = 3*m - 0*a, 4*m + 3*a = i. What is the units digit of m?
3
Let h = 291 - 180. Suppose -h - 129 = -5*k. What is the units digit of k?
8
Let l = 3 + -5. Let g be (-15)/l*(-8)/10. What is the units digit of ((-2)/6)/(2/g)?
1
Let x = -34 + 49. Let c = x - 13. What is the units digit of c?
2
Let m = 3 + -3. Suppose m*t + 2*t + 30 = 2*v, 5*v - 4*t - 72 = 0. What is the tens digit of v?
1
Let i be (3 - 2/1)*5. Suppose 204 + 51 = i*u. What is the units digit of u?
1
Let m = 18 + -13. What is the units digit of m?
5
Suppose -3 = -5*r + 2. Let l(u) = -2*u + 2*u + r + 2*u**2 + 2*u. What is the units digit of l(-2)?
5
Suppose -2*w = 4*c - 6, -3*c = 4*w + 2*c - 12. Suppose -w*g = -3*r - 0*g + 60, -2*g = -2. What is the tens digit of r?
2
Let z = 23 - 4. What is the tens digit of z?
1
Let c = 0 - -3. Suppose -8 = m + c*m. What is the units digit of 126/35 - m/5?
4
Suppose 4*u - 7*u + 153 = 0. What is the units digit of u?
1
Suppose 3*o - 135 = -3*x, -131 = -4*x - 5*o + 45. What is the tens digit of x?
4
Suppose 0 = -3*u - 0*u + 60. What is the tens digit of u?
2
Let x be (-2 + 3)*0 - -9. Let m(o) = o**3 - 8*o**2 - 7*o - 7. What is the tens digit of m(x)?
1
Suppose -s - 193 = -b, -4*b + 796 = s + s. What is the units digit of b?
7
Suppose 0 = 5*a - 64 - 121. What is the units digit of a?
7
Let u(o) = -2*o + 4. What is the tens digit of u(-19)?
4
Suppose -o - 14 = -5*c - 0*c, -4*o + 4 = 0. Suppose b - 72 = -c*b. What is the tens digit of b?
1
Suppose 2*x - 6*x + 68 = 0. What is the units digit of x?
7
Let w(y) = -y**2 + 13*y + 4. Let q be (-12)/(-42) + 94/14. Let x be w(q). Suppose 0 = -5*j - 14 - 11, 0 = 3*a - 2*j - x. What is the units digit of a?
2
What is the units digit of (-12 - -16) + 55 + -1?
8
Let l(v) = 33*v**2 - 3*v - 2. What is the tens digit of l(-2)?
3
What is the tens digit of ((-16)/(-10))/(-5 - 626/(-125))?
0
Let u be -3 - (-28)/1 - -3. Suppose -5*o + 2*a = -3*o - u, 2*a - 44 = -4*o. What is the tens digit of o?
1
Suppose -3*q = 3*u - 36, -43 = -4*q + 4*u + 13. What is the tens digit of q + 3 + -1 + -4?
1
Let y(i) be the first derivative of 4*i**2 + 1/3*i**3 + 3 + 9*i. What is the tens digit of y(-9)?
1
Suppose -18 = 3*r + 18. Let u = -7 - r. Suppose 5*a = 5*f - 20, -2*f + 3*f = u*a - 4. What is the units digit of f?
6
Let n = 16 - 9. Let y = n + -5. Suppose -4*t - 4*g + 56 = 0, -4*t + y*g - 18 = -5*t. What is the tens digit of t?
1
Let n = 25 + -19. Suppose -4*i - 16 = -n*i - 4*q, -2*i = q - 25. What is the tens digit of i?
1
Let a(p) = -p**3 - 5*p**2 + 6*p + 3. Let y be a(-6). Suppose -2*l - 6 - 2 = 0, -10 = c + y*l. What is the units digit of c?
2
Suppose w - 5 - 6 = 0. What is the units digit of w?
1
Suppose -15 + 53 = n - 4*v, -5*n + 174 = -4*v. What is the units digit of n?
4
Let w be (6/(-4))/(2/(-4)). Let d be (w + -8)*2/(-5). What is the tens digit of (9/6)/(d/16)?
1
Let a(g) = 2 + g**3 - 15*g**2 + 10*g - 7 + 5*g. What is the units digit of a(14)?
9
What is the tens digit of 15/20 + 7/(-4) + 139?
3
Let x = 75 + -4. What is the units digit of x?
1
Let c(x) = 2*x. Let z be c(4). Suppose -2*k = 2 - z. Suppose 0 = -0*t + k*t - 12. What is the units digit of t?
4
Suppose 5*u - 6 = 4. Suppose 4*v = -2*t + 144, -2*v - u*t + 4*t + 72 = 0. What is the units digit of v?
6
Let h = -66 - -25. Let l = h - -57. What is the tens digit of l?
1
Suppose -4*p - 2*k = -p + 8, -3*p - k - 7 = 0. Let f be p/(-4) + 15/6. Suppose f*a - 2*u - 29 = 0, -3*a - 2 = -u - 33. What is the tens digit of a?
1
Suppose -4*m - 23 = -a - 7, 0 = 5*m + 4*a + 41. Let z = 7 + m. Let l(f) = 8*f - 2. What is the units digit of l(z)?
4
Let x be (1/(-3))/((-4)/36). Let r = x - -7. What is the units digit of r?
0
Let c = 81 - 57. Let i = c - 13. Let q = -7 + i. What is the units digit of q?
4
Suppose -25 = -3*s - 2*s, 3*t + 5*s = 31. Suppose 3*a + t*a - 150 = 0. What is the units digit of a?
0
Let q be (-3)/(-2)*(-4)/(-3). Let h(j) = 7*j**2 - 3*j + 1. Let b(w) = 11*w**2 - 4*w + 1. Let o(z) = 5*b(z) - 8*h(z). What is the units digit of o(q)?
1
Let n(h) = h - 4. Suppose -4*m + 8 = 0, -c - c + 2*m + 2 = 0. Let g(y) = y - 7. Let j(s) = c*g(s) - 5*n(s). What is the units digit of j(-3)?
5
Let r = -9 - -14. Suppose -m + j + 284 = 3*m, -m + 78 = -2*j. Suppose 3*h - r*u = 70, 0*h + 2*u + m = 4*h. What is the tens digit of h?
1
What is the tens digit of -1 - -28 - (1 + 2)?
2
Suppose 6*t = 4*t - 4. What is the tens digit of (44/8)/(t/(-4))?
1
Let i(p) = -42*p**3 + 2*p + 1. Let g = -2 - -1. What is the tens digit of i(g)?
4
Let d be ((-6)/4)/((-27)/180). Suppose 5 = -u + d. What is the units digit of u?
5
Let b = -4 + 11. Suppose -3*f - 8 = b, f - 19 = -2*v. What is the units digit of v?
2
Let c = -223 + 346. What is the tens digit of c?
2
Suppose 0 = -5*k - r + 24, 0 = -4*k - 3*r - 0*r + 17. Suppose -y + 300 = k*y. What is the units digit of y?
0
Suppose 2*h - 20 - 6 = 0. Suppose -3*a = -h + 4. Suppose 2*s + a*s - 15 = 0. What is the units digit of s?
3
Let k be 126/72 + (-2)/(-8). Suppose w - 1 = 5*d, 2*d = 4*d - 2*w + 2. Suppose s + 0 - k = d. What is the units digit of s?
2
Let s = 28 - 19. Let r(j) = -j**3 + 9*j**2 + j - 6. Let y be r(s). What is the units digit of -1*2/((-3)/y)?
2
Suppose 18 = 5*r - 17. What is the units digit of r?
7
Let a(y) = -y**3 - 8*y**2 + 8*y - 9. Let x be a(-9). Let h = 15 + x. What is the tens digit of h?
1
Let m(s) = s**3 - 5*s**2 + s - 3. Let j be m(5). Suppose i + 5*f = 6*i + 25, -j*i + 3*f - 15 = 0. Suppose -q = -i*q - 3. What is the units digit of q?
3
Let z(g) = -16*g. What is the tens digit of z(-2)?
3
Suppose 32 = b - 0*n - 4*n, b - 2*n = 22. What is the units digit of ((-74)/4)/(b/(-24))?
7
Suppose -3*k - 4 = k. Let p = k - -1. Suppose 2*v + p*v - 6 = 0. What is the units digit of v?
3
Let q(h) = -h**2 + 37*h - 32. What is the units digit of q(17)?
8
Let x = 46 - 24. What is the units digit of x?
2
Let j(y) = -11*y + 0*y**2 + 12*y + 2 + 2*y**2. What is the tens digit of j(-3)?
1
Let k = 38 + -17. What is the tens digit of (-6)/k - 186/(-14)?
1
Let k(a) = -a - 3*a**3 - 1 - 11*a**3 + 4*a**2 + 15*a**3. What is the units digit of k(-4)?
3
Let p be (-2)/1 - (-2 + 0). Suppose -2*u + 21 + 3 = p. What is the units digit of u?
2
Let h be ((-8)/2)/4*-3. Suppose 0 = h*b - 23 - 91. What is the units digit of b?
8
Let u(c) = -2 - c + 2*c**2 - 1 - c**2 + 3*c. What is the units digit of u(-6)?
1
Let m(k) = -2*k**2 - 8*k - 3. Let s be m(-5). Let x = 24 + s. What is the tens digit of x?
1
Let p(o) = -o**2 - 2*o + 2. Suppose 0 = -5*k - 4*m, 32 = -5*k + 2*k + 4*m. Let t be p(k). What is the units digit of 22/4 + t/(-4)?
7
Let v = -8 + 10. Suppose -10 - v = 3*s + 4*f, 0 = 2*f + 6. Suppose s = 5*h - h - 4. What is the units digit of h?
1
Let a(c) = -c + 3. Let n be a(-4). Suppose n = o - 0. What is the units digit of o?
7
Let o(m) be the third derivative of -5*m**4/24 - m**3 + 6*m**2. What is the units digit of o(-5)?
9
Suppose 1 = -m + 2*m. What is the tens digit of (-1 - m)/((-18)/99)?
1
Suppose 0 = -4*i, u + 2*i - 3*i = 4. Suppose 2 + 72 = 5*t - 4*w, -4*t - u*w = -52. What is the tens digit of t?
1
Suppose 0 = 4*y - z + 18, 3*z + 14 = -3*y + 4*z. What is the tens digit of (-124)/y*(3 - 2)?
3
Let q(d) be the second derivative of -d**3/3 + 7*d**2/2 - 8*d. What is the units digit of q(3)?
1
Let h(g) = 2*g - 21. Let m be h(14). Let f = m + 17. What is the tens digit of f?
2
Let v(u) = -u**2 + 12*u - 7. What is the tens digit of v(7)?
2
Suppose -t - 2*t = -9. L